 = -9*i + 19. Let a = 14 + -25. Let u(g) = 5*g - 10. Let l(d) = a*u(d) - 6*c(d). What is l(-4)?
0
Let v(o) be the first derivative of o**4/4 - 4*o**3 + o**2 - 17*o + 44. What is v(12)?
7
Let q(x) = -x - 5. Let i be q(-7). Let z(a) = 0*a + 4*a + i - 3*a. Suppose 2*v - 6*v = 8. Calculate z(v).
0
Let d(p) = -2*p - 1. Let o(a) = -5*a - 24. Let f be o(-5). Give d(f).
-3
Let a(l) = -l**3 - 11*l**2 + l + 13. Let q be a(-11). Let s(i) = -2*i + 10 + 5*i - 8 + 0*i. Calculate s(q).
8
Let s(d) = -d**2 - d + 4. Let z be s(-3). Let l(j) = -9*j + 7. Let k be ((-2)/8)/(8/(-224)). Let f(g) = -13*g + 10. Let t(v) = k*l(v) - 5*f(v). What is t(z)?
-5
Let o(p) = -17*p**3 - 2*p**2 - 2*p - 1. Let t be o(-1). Suppose 4 + t = -4*r. Let n(i) = -i**3 - 4*i**2 + 2*i - 7. Determine n(r).
8
Let y(s) be the second derivative of -s**3/3 - 3*s**2 - s. Suppose 0 = 5*a + n + 2 - 56, 3*a + n = 34. Suppose -3*v - 2 = a. What is y(v)?
2
Let m(o) = o**2 - 4*o + 4. Let z(s) = s**2 - 3*s + 4. Let h be z(3). Give m(h).
4
Let s(o) be the second derivative of 4/3*o**3 + 0*o**2 - 3*o + 0. Calculate s(1).
8
Let z(l) = -2*l - 9. Let y(v) = -2*v - 8. Let q(b) = 3*y(b) - 2*z(b). Determine q(-6).
6
Let o(n) be the third derivative of n**4/8 + n**3/3 - 2*n**2. Suppose -6*f - 4 = 8. Determine o(f).
-4
Let w(t) = -t**3 + t**2 + 3*t - 3. Let h be w(-2). Let f(u) = u**3 - 4*u**2 + 2*u + 3. Give f(h).
0
Suppose 8 = 4*j + 4. Let a = j - -3. Let w(y) = 0 - 3*y + 6 + 0*y. Calculate w(a).
-6
Let g(w) = w**2 - 2*w + 1. Let m be g(2). Let k be (m/3)/(1/3). Let t(n) = -13*n - 5. Let j(c) = -7*c - 3. Let l(f) = 7*j(f) - 4*t(f). Give l(k).
2
Let c(p) = 5*p**2 + p + 1. Suppose 6*q = 7*q + 1. Give c(q).
5
Let w(b) = 3*b + 3. Let y(d) = -4*d - 2. Let v(l) = -3*w(l) - 2*y(l). Give v(-9).
4
Let a(f) be the second derivative of f**5/20 + 7*f**4/12 + f**3/3 + 5*f**2/2 + 3*f - 15. Calculate a(-7).
-9
Let v = -153 + 162. Let a(f) = f**3 - 8*f**2 - 10*f + 4. Determine a(v).
-5
Let b(s) = -s**2 - 5*s - 5. Let i be (4/(-2))/(1/(-3)). Suppose 2 = 3*r + 2*x, -3*x + 0 = i. Suppose -2 = f + r. What is b(f)?
-1
Let a(h) be the first derivative of -4*h - 2*h**3 + 1/4*h**4 + 0*h**2 - 4. Calculate a(6).
-4
Let j(b) = 2*b - 9. Suppose -4*v + 1 = 5, -3*v - 9 = -i. Calculate j(i).
3
Let f(n) = n**2 + 5*n + 7. Let t be f(-5). Suppose 2*p - 3*c + 1 = 0, t - 35 = 5*p + c. Let v(m) = -m**3 - 6*m**2 - 5*m - 2. Calculate v(p).
-2
Let p(x) be the first derivative of x**2/2 + 7*x - 6. Calculate p(-6).
1
Suppose 0 = 4*k + 5*o - 33, -o = k - 2*o + 3. Let r(x) = -8*x + 7*x**k - x**3 + 2 + 1 + x + 2. Calculate r(6).
-1
Suppose -4*k = -2*k + 18. Let p(a) = -2*a - 5. Give p(k).
13
Let j(o) be the first derivative of -o**4/3 + o**2/2 + 3*o - 3. Let k(l) be the first derivative of j(l). Calculate k(-1).
-3
Let q(o) = 25*o**2 - 2*o + 3. Let t be q(2). Let v be (-1)/2 + t/18. Let b(n) be the first derivative of -n**3/3 + 3*n**2 + 2*n + 1. What is b(v)?
7
Let f(r) = r**2 - 7*r + 6. Let j(o) = 2*o**2 - 5 - 8 - o**2 + 8*o. Let s be j(-10). What is f(s)?
6
Let y(c) = 7*c**2 + 8*c + 7. Let o(h) = 20*h**2 + 23*h + 20. Let t(v) = -6*o(v) + 17*y(v). Suppose -5*u + 5 = -4*u. Suppose u*k + 3 + 2 = 0. Give t(k).
0
Let f(q) = 3*q - 15. Let s(d) = d - 8. Let w(v) = -2*v + 16. Let l(a) = 11*s(a) + 6*w(a). Let u(n) = 2*f(n) + 5*l(n). Determine u(-5).
5
Let y(j) = -j + 1. Suppose w - 4*w + 5*q = -3, w - 3*q - 1 = 0. Give y(w).
0
Let v(y) = y**3 - 21*y**2 - 22*y + 3. Let k be v(22). Let a(i) = 4*i + 2*i**2 - i**2 + 1 - 2*i**2. What is a(k)?
4
Let a(r) be the second derivative of r**5/20 + r**4/2 + r**3/3 - 2*r**2 - 11*r. Give a(-4).
20
Let t = 3 - 3. Let o be (-3)/2*8/(-6). Let y(q) = t*q**2 - q**2 + 0 - 1 - o*q. Give y(-2).
-1
Let h(j) be the first derivative of j**4/4 + 2*j**3 + 3*j**2 - 3*j + 29. Determine h(-5).
-8
Let l(p) = p**3 + 4*p**2 + p + 1. Suppose 6*a = 3*a + 6. Let u = a - 1. Let v = -3 - u. Determine l(v).
-3
Let k(m) = m**2 - 4*m - 1. Suppose 2*g - 4*g = -12. Give k(g).
11
Suppose -2*c - 4 = 2*c. Let a(s) be the first derivative of s**4/2 - s - 1. Determine a(c).
-3
Let h(c) = c**2 + 7*c - 1. Let r be 1/4 - (-10 - 390/(-24)). Determine h(r).
-7
Let s(d) = -2*d + 5. Suppose 0 = -j + 5*q + 16, j = -4*j + 5*q + 40. Give s(j).
-7
Let w = 8 + -7. Let z(f) = -4 + 5*f**2 + 2 - 2*f + 3 + 0*f**2. Give z(w).
4
Let x(l) = -4*l - 5. Let o(g) = -g + 1. Let c(a) = 5*o(a) - x(a). What is c(7)?
3
Let z(i) be the second derivative of 0 - i**2 - 1/2*i**3 + 3*i. What is z(-3)?
7
Let b(h) = -h - 3. Let k = 20 - 11. Let l be k/(-6)*-2 - 9. Calculate b(l).
3
Let f(d) = 6*d**2 + 5*d + 5. Let c be f(-3). Let y be c/(-24) - 4/24. Let q(a) be the third derivative of -a**4/24 + a**3/3 + a**2. Determine q(y).
4
Let n = -1 - -7. Let g(t) = 21 + 20 - t - 33. Calculate g(n).
2
Let a(f) = f**2 - 4*f**2 + 3*f**2 + 7*f - 5 + f**2. What is a(-6)?
-11
Let y be (279/(-124))/(3/8). Let z(b) = -2*b**2 - 7*b + 4. Give z(y).
-26
Let r(v) = 4*v - 1. Suppose -5*l + 36 = 4*p, 0*l - 4*l = 5*p - 36. Determine r(p).
15
Let f(r) = 0 - 7 + 1 + 2 + 2*r. Calculate f(6).
8
Let o be 39/(-9) + 1/3. Let j(s) = 3*s**2 + 5*s + 6. Let f(k) = 4*k**2 + 5*k + 9. Let a(y) = 2*f(y) - 3*j(y). Calculate a(o).
4
Let r(n) = -3*n**3 + 1. Let l(t) = t**3 + 5*t**2 + 5*t + 6. Let p be l(-4). Suppose -p*a = -0*j + 4*j - 8, -4*a + 10 = 5*j. Let f = a - 1. Calculate r(f).
4
Suppose 5*q = 5 - 15. Let h(b) = -b**3 - 2. What is h(q)?
6
Suppose 7*m - 3*m = -4*g - 16, -3*g = -2*m + 7. Let q be 3 - g*(-2)/6. Let b(z) = -z + 2*z**2 + 2*z**2 - 1 - z**2 - q*z**3. Give b(2).
-7
Suppose -18 = 4*n + 2. Let o(j) = -2*j**2 - 6*j + 3. Let p(w) = -w**2 - 4*w + 2. Let d(a) = n*o(a) + 7*p(a). Determine d(-2).
7
Suppose -w + 8*l = 3*l - 13, -l + 31 = 4*w. Let m(h) = h**2 - 8*h - 2. What is m(w)?
-2
Let z(w) = 3*w + 15. Let k(d) = -2*d - 7. Let c(y) = -13*k(y) - 6*z(y). Let r(p) = -p**2 + 17*p + 3. Let f be r(17). Suppose v + f = 4. Give c(v).
9
Let i be (-4 + 6 + (-1)/2)*-2. Let y(s) be the first derivative of -s**4/4 - 2*s**3/3 + 3*s**2/2 + 2*s - 2. Determine y(i).
2
Let r(k) = -k**3 - 7*k**2 - 3*k - 8. Let p = 6 - 13. Give r(p).
13
Let k be 18/81 + (-16)/(-9). Let a(i) = 3 + 1 - 3 + k*i + 0. Give a(-2).
-3
Let v(b) = 2*b**2 - b. Suppose 3*c - 5 = -5*w - 10, 0 = w - 2*c - 12. Give v(w).
6
Let x(l) be the second derivative of 11*l**6/720 + 7*l**4/6 - 7*l. Let m(a) be the third derivative of x(a). Let j be ((0 - -1) + 0)*-1. Give m(j).
-11
Let z = 217/11580 + -2/965. Let k(a) be the third derivative of 0 - 5/3*a**3 + 0*a + 1/24*a**4 - 3*a**2 + z*a**5. Calculate k(0).
-10
Let f(v) = v + v - 3*v**2 - 5 + 2*v + 4*v**2. Calculate f(-4).
-5
Let q(t) be the third derivative of -t**7/5040 + t**6/90 + t**5/30 + 3*t**2. Let p(z) be the third derivative of q(z). Determine p(0).
8
Let j = -1 + 5. Let q(p) = 4*p**2 - 3*p**2 - 2*p**2 + j + 0*p**2. Calculate q(3).
-5
Let w(j) = 5*j**3 + 19*j**2 - 5*j - 13. Let g(x) = x**3 + x**2 + x - 1. Let f(k) = 6*g(k) - w(k). Determine f(12).
-5
Suppose 2 = -4*f + 22. Let x = -3 + f. Let b(o) = o**2 - 2*o. Calculate b(x).
0
Let b = -18 - -18. Let s(y) be the third derivative of 2/3*y**3 - 1/24*y**4 + 0 + b*y + y**2. Determine s(3).
1
Let c(d) = -7 - 3 + d - 6 + 22. Give c(-7).
-1
Let j(r) = -4*r**2 + 8*r + 2. Let v(m) = -5*m**2 + 9*m + 1. Let u(n) = 4*j(n) - 3*v(n). Calculate u(5).
5
Let h(u) = 6*u - 4. Let x(o) = -5*o + 3. Let m(p) = 6*h(p) + 7*x(p). Give m(-3).
-6
Let i(p) = p**3 - 10*p**2 + 10*p - 9. Let m(h) = 2*h**2 + 30*h + 9. Let z be m(-15). What is i(z)?
0
Let o(d) = 3*d + 4. Let b be o(0). Let q(f) = 7*f**3 - 11*f**2 + 11*f + 5. Let p(s) = 20*s**3 - 32*s**2 + 32*s + 14. Let a(m) = -6*p(m) + 17*q(m). Give a(b).
-3
Let v(d) = d + 5. Let y be v(3). Let i(m) = -m + 2. Calculate i(y).
-6
Let i(q) be the second derivative of -q**6/120 - q**5/60 - q**3/6 + q**2/2 - 2*q. Let h(p) be the first derivative of i(p). Determine h(0).
-1
Let g(o) be the first derivative of o**2/2 - 10*o + 46. Give g(0).
-10
Suppose -8 = n - 5*i, n - 8 = -0*n - 3*i. Let y(b) = -4*b + 0 + n + 3 - 2. Determine y(2).
-5
Let n(m) = 8*m + 0*m**2 + 2*m**2 + 1 - 2*m. Let h be (-24)/40 - (34/(-5))/(-2). Give n(h).
9
Let i(o) = 2 - o + 3*o**2 + 0 + 3*o + 2*o. What is i(-2)?
6
Let c(r) = -4*r**3 + r**2 + 2*r + 1. Let d be 6/(-5) - (-2)/10. Give